*2 - 194*b - 29. What is g(-12)?
-5
Let j(r) = -9*r**2 - 64*r - 17. Determine j(-7).
-10
Let l(j) = 4*j - 11. Calculate l(4).
5
Let b(o) = -2*o**2 + 16*o - 5. Determine b(8).
-5
Let m(t) = -2*t - 9. What is m(9)?
-27
Let c(k) = 53*k**3 + k**2 + k - 1. Give c(1).
54
Let l(x) = x**2 - 16*x + 37. Calculate l(12).
-11
Let p(v) = 2*v**2 - 5*v - 17. Give p(3).
-14
Let n(q) = q + 32. Calculate n(12).
44
Let z(y) = y**3 - 7*y**2 + 22*y - 58. Calculate z(5).
2
Let m(d) = 3*d - 8. Calculate m(-4).
-20
Let n(h) = 4*h**3 + h**2 - 2*h + 3. Determine n(2).
35
Let t(d) = -d**3 - 9*d**2 + 4. Give t(-9).
4
Let z(u) = 7*u + 2. Give z(-13).
-89
Let h(u) = -u**2 - 9*u - 1. Give h(-9).
-1
Let v(r) = -155*r + 2164. Give v(14).
-6
Let b(v) = 3*v**2 - 5*v. Give b(2).
2
Let y(a) = a**3 - 5*a**2 - 7*a - 2. Determine y(7).
47
Let y(l) = 21*l + 114. Calculate y(-6).
-12
Let d(t) = 4*t + 3. Give d(-2).
-5
Let f(u) = -2*u**2 + u + 30. Determine f(-5).
-25
Let k(p) = p**3 - p**2 + 2*p - 1. Determine k(3).
23
Let i(o) = -3*o**2 + 12*o - 18. What is i(9)?
-153
Let u(p) = -p**2 - 15*p - 25. Calculate u(-13).
1
Let d(w) = 2*w**2 - 20*w + 31. Give d(8).
-1
Let p(v) = 13*v**2 - 2*v - 3. What is p(-1)?
12
Let s(x) = -x - 18. Determine s(13).
-31
Let v(r) = r**2 + 10*r + 15. Calculate v(-2).
-1
Let j(q) = 27*q + 178. Determine j(-7).
-11
Let d(j) = -2*j**2 - 11*j - 8. Calculate d(-8).
-48
Let r(l) = -76*l - 4. Determine r(-1).
72
Let v(c) = c**3 + 2*c**2 - 2*c + 1. What is v(0)?
1
Let w(f) = -6*f**2 - f + 7. Determine w(-2).
-15
Let l(d) = -2*d**2 + 9*d - 18. Give l(6).
-36
Let s(d) = -d**3 - 3*d**2 - 9. Determine s(-4).
7
Let i(g) = -g**3 - 11*g**2 + 27*g - 3. Determine i(-13).
-16
Let y(m) = -m**3 + 7*m**2 + m - 7. Determine y(8).
-63
Let g(u) = u**2 + 5*u + 7. Calculate g(-7).
21
Let h(t) = -t**2 - 2*t - 30. Give h(0).
-30
Let t(c) = -c**2 - 19*c - 19. What is t(-1)?
-1
Let r(g) = -8*g - 27. Calculate r(-3).
-3
Let g(d) = -d**2 - d + 17. What is g(0)?
17
Let y(q) = q**3 + 3*q**2 - 13*q - 13. Give y(-5).
2
Let y(i) = -5*i - 48. Calculate y(-13).
17
Let y(i) = -i**3 - 9*i**2 - 3*i - 12. Determine y(-8).
-52
Let r(s) = -6*s - 13. Calculate r(-3).
5
Let l(q) = 2*q**2 + 29*q - 603. Give l(-26).
-5
Let m(i) = -i**3 + 33*i**2 + 4*i - 110. Calculate m(33).
22
Let w(x) = x**3 + 20*x**2 + 37*x + 16. Determine w(-18).
-2
Let b(n) = 2*n. Determine b(-1).
-2
Let s(k) = k + 54. Determine s(-18).
36
Let y(m) = m**3 + 7*m**2 - 3*m - 4. Determine y(-7).
17
Let r(k) = -5*k**2 + 3*k - 3. Give r(-5).
-143
Let w(m) = -m**2 + 6*m + 55. What is w(-5)?
0
Let q(g) = g**3 + 5*g**2 + 2*g + 50. What is q(-6)?
2
Let z(i) = 25*i. Calculate z(-2).
-50
Let v(g) = -g**3 - g**2 + 4*g - 4. Give v(0).
-4
Let f(d) = 4*d**2 + d - 3. Determine f(5).
102
Let r(t) = 2*t**2 + 5*t + 4. What is r(-1)?
1
Let w(g) = -2*g**2 - 53*g + 40. What is w(-27)?
13
Let c(y) = 13*y**2 - y - 1. Give c(-2).
53
Let i(r) = r**2 - 8*r. Determine i(8).
0
Let q(w) = -w + 50. Give q(-12).
62
Let z(i) = -i**2 + 21*i - 62. Determine z(4).
6
Let f(s) = 23*s + 45. Give f(-2).
-1
Let m(y) = y**2 - 3*y - 7. Calculate m(-3).
11
Let f(d) = -12*d + 14. Determine f(2).
-10
Let y(j) = j**2 - 7*j - 4. Give y(6).
-10
Let d(g) = -2*g**2 + 18*g - 19. Determine d(8).
-3
Let t(c) = c**3 - 7*c**2 + 6*c + 4. Give t(5).
-16
Let b(f) = -2*f**2 - 3*f + 2. Give b(-6).
-52
Let q(i) = 18*i + 27. Determine q(-2).
-9
Let d(s) = -2*s**2 + 12*s + 2. Calculate d(5).
12
Let o(i) = -3*i**2 + 3*i - 9. What is o(-4)?
-69
Let p(s) = s**3 + 13*s**2 + 2*s - 6. Determine p(-13).
-32
Let w(o) = 2*o + 2. What is w(-1)?
0
Let x(s) = -s**3 - 28*s**2 - 49*s - 26. What is x(-26)?
-104
Let n(t) = -t**2 + 13*t + 22. Determine n(15).
-8
Let o(r) = -5*r - 195. Give o(-41).
10
Let j(k) = k**2 - 10*k + 18. Calculate j(9).
9
Let p(h) = h**3 - 6*h**2 - 12*h + 18. Determine p(6).
-54
Let j(l) = -l**3 + 2*l**2 - 1. Calculate j(1).
0
Let k(j) = -5*j - 29. What is k(-6)?
1
Let l(u) = -u**3 - 5*u**2 - 3*u - 8. What is l(-5)?
7
Let i(s) = 3*s**2 + 12*s + 7. What is i(-3)?
-2
Let d(m) = -29*m - 87. Calculate d(0).
-87
Let b(y) = -28*y - 509. Determine b(-18).
-5
Let g(k) = k**3 + 15*k**2 - 16*k + 4. What is g(-16)?
4
Let o(g) = g**2 - 7*g + 3. Determine o(3).
-9
Let x(f) = 2*f - 2. Determine x(-2).
-6
Let k(i) = -i - 9. Determine k(-21).
12
Let u(q) = q**3 - 8*q**2 - q + 1. What is u(8)?
-7
Let a(f) = f**3 + f**2 - f + 11. Determine a(0).
11
Let c(r) = 9*r + 45. Determine c(-6).
-9
Let f(z) = 2*z**2 + 6*z - 6. Give f(-6).
30
Let t(j) = -j**2 + 14*j - 9. Give t(14).
-9
Let f(z) = z**3 - z**2 + z + 88. What is f(0)?
88
Let z(w) = w**2 - 19*w + 65. Determine z(4).
5
Let f(j) = j**3 - 6*j**2 + 4*j + 6. Determine f(4).
-10
Let t(p) = 2*p + 11. What is t(-8)?
-5
Let y(r) = r**3 - 10*r**2 + r - 11. Give y(10).
-1
Let n(v) = v**2 - 12*v + 6. What is n(11)?
-5
Let f(h) = -h**3 - 4*h**2 + 22*h + 6. Determine f(3).
9
Let t(n) = 10*n + 20. Give t(-6).
-40
Let n(a) = -a**2 - 13*a - 54. Give n(-9).
-18
Let f(r) = r**3 + 9*r**2 - 6*r - 56. Determine f(-9).
-2
Let f(u) = u**2 + 8*u - 4. What is f(-4)?
-20
Let o(p) = p**3 + 7*p**2 + 12*p + 29. Determine o(-6).
-7
Let b(v) = v**3 + 6*v**2 + 3*v + 3. Calculate b(-4).
23
Let r(w) = w**3 + 12*w**2 + 13*w. Give r(-10).
70
Let w(g) = 14*g**3 - 1. Determine w(-1).
-15
Let r(s) = 8*s + 56. What is r(-6)?
8
Let g(f) = 3*f + 13. Determine g(-9).
-14
Let o(h) = h**3 + 9*h**2 + 2*h. What is o(-7)?
84
Let r(q) = q**2 + 12*q + 10. Calculate r(-8).
-22
Let s(a) = 3*a**2 - 8*a + 7. What is s(5)?
42
Let b(g) = 2*g**2 - 19*g - 20. Give b(-1).
1
Let i(m) = -4*m - 17. Determine i(-4).
-1
Let m(w) = 2*w - 11. What is m(12)?
13
Let x(t) = 41*t + 31. Calculate x(-2).
-51
Let x(p) = 6*p - 6. Give x(5).
24
Let y(n) = -n**3 + 9*n**2 - 2*n - 9. Give y(7).
75
Let u(m) = m**3 - 9*m**2 + m - 3. What is u(9)?
6
Let c(i) = -i**3 + 14*i**2 + 10*i - 134. Give c(14).
6
Let w(l) = -l**3 + 5*l**2 - l - 15. Calculate w(5).
-20
Let m(c) = -6*c**3 + 5*c**2 + 3*c + 2. Give m(2).
-20
Let z(m) = -m**3 - 14*m**2 + 8*m - 16. Give z(-15).
89
Let s(b) = 5*b**2 - 105*b - 7. Give s(21).
-7
Let h(a) = 4*a**3 + 9*a**2 - 27*a - 3. Give h(-4).
-7
Let f(x) = 107*x - 112. What is f(1)?
-5
Let p(k) = -6*k + 20. Give p(3).
2
Let h(l) = -l**2 - 3*l. Calculate h(4).
-28
Let q(h) = -9*h**2 - 3*h + 1. What is q(2)?
-41
Let h(n) = 4*n**2 - 34*n + 63. Give h(3).
-3
Let i(p) = -5*p**2 + 7*p - 1. Calculate i(2).
-7
Let y(l) = -l**3 + 13*l**2 + 87*l + 60. What is y(18)?
6
Let t(o) = 4*o + 20. Give t(-5).
0
Let h(d) = -d**3 + 15*d**2 - 12*d - 32. Give h(14).
-4
Let w(z) = -z**3 - 4*z**2 + z - 6. Calculate w(-4).
-10
Let s(x) = -4*x**2 + 96*x + 33. What is s(24)?
33
Let o(v) = v**3 - 12*v**2 - 2*v + 6. Give o(12).
-18
Let n(x) = -x**3 + 12*x**2 - 9*x - 12. Give n(11).
10
Let n(d) = d**2 + 34*d + 224. Determine n(-10).
-16
Let t(l) = -11*l - 67. Determine t(-7).
10
Let d(k) = -k**3 - 7*k**2 + 4*k - 13. What is d(-8)?
19
Let j(a) = -a**3 - 6*a**2 + 9*a + 10. Give j(-6).
-44
Let t(n) = n**2 + 7*n - 1. Give t(-7).
-1
Let w(d) = -d - 4. Give w(5).
-9
Let y(w) = 2*w + 1. Determine y(-2).
-3
Let l(n) = -3*n**2 + 6*n - 4. What is l(2)?
-4
Let n(h) = -5*h**2 + 4*h - 1. Give n(2).
-13
Let l(z) = -z**3 + 7*z**2 + 5*z + 20. What is l(8)?
-4
Let s(r) = -40*r + 324. Give s(8).
4
Let d(q) = -6*q**2 + 17*q + 7. Give d(3).
4
Let y(h) = -h**2 - 2*h - 12. Calculate y(5).
-47
Let o(k) = -k**3 - 9*k**2 + 21*k + 15. What is o(-11)?
26
Let o(k) = k**3 - 9*k**2 - 17*k + 59. Determine o(10).
-11
Let z(k) = -2*k**2 + 5*k - 18. Calculate z(0).
-18
Let m(f) = f**2 + 5*f + 1. What is m(-6)?
7
Let s(d) = -d**2 + 5. Give s(0).
5
Let v(u) = -12*u + 7. Calculate v(3).
-29
Let n(l) = -l**2 - 8*l - 3. What is n(-9)?
-12
Let b(y) = -3*y**2 + 10*y + 10. Determine b(5).
-15
Let b(w) = w**2 - 6*w - 25. Give b(10).
15
Let s(y) = y**2 - 11*y - 41. Calculate s(14).
1
Let q(c) = -11*c + 368. What is q(32)?
16
Let v(y) = -y**3 - 5*y**2 + 11. Determine v(-3).
-7
Let y(z) = -z**2 - z - 6. What is y(0)?
-6
Let x(b) = -b**2 - 7*b + 15. What is x(-9)?
-3
Let g(s) = s**2 + 5*s + 4. What is g(-8)?
28
Let d(v) = -v**3 + 6*v**2 + 8*v + 8. Determine d(7).
15
Let f(w) = -12*w - 79. What is f(-7)?
5
Let b(o) = -o**2 + 4*o - 10. What is b(4)?
-10
Let g(j) = j**3 - 7*j**2 + 5*j + 1. De